488161 a composite number?
False
Is 2391 a prime number?
False
Is 2719 composite?
False
Is 5807 a composite number?
False
Is 241622 a prime number?
False
Is 124121 a prime number?
True
Is 6503 a composite number?
True
Is 2771 prime?
False
Is 121123 prime?
True
Is 5493 a prime number?
False
Is 252667 prime?
True
Is 1031549 a composite number?
False
Is 137723 prime?
True
Is 1559109 prime?
False
Is 61241 a prime number?
False
Is 25563 composite?
True
Is 101553 a prime number?
False
Is 32117 a prime number?
True
Is 2785 a composite number?
True
Is 1447487 a composite number?
False
Is 244873 a prime number?
True
Is 14123 composite?
True
Is 963593 a composite number?
True
Is 446627 composite?
True
Is 14813 a composite number?
False
Is 5167 composite?
False
Is 52661 composite?
True
Is 10367 a composite number?
True
Is 1801 a composite number?
False
Is 45383 a prime number?
False
Is 878467 prime?
True
Is 3787 composite?
True
Is 3467249 a composite number?
True
Is 66667 a prime number?
False
Is 12891 a composite number?
True
Is 13217 a composite number?
False
Is 18269 a prime number?
True
Is 9923 a composite number?
False
Is 65179 a composite number?
False
Is 425683 a prime number?
False
Is 92429 a composite number?
True
Is 209434 composite?
True
Is 5017 composite?
True
Is 1240511 prime?
True
Is 193573 prime?
True
Is 592719 prime?
False
Is 92623 a prime number?
True
Is 1587049 prime?
False
Is 24749 a composite number?
False
Is 360803 composite?
False
Is 379273 a prime number?
True
Is 175543 a composite number?
False
Is 30631 a prime number?
True
Is 19939 composite?
True
Is 420613 prime?
True
Is 6779 a composite number?
False
Is 535985 a composite number?
True
Is 115963 composite?
False
Is 500609 prime?
False
Is 64097 prime?
False
Is 424423 a composite number?
False
Is 2705867 a composite number?
True
Is 1404617 a composite number?
False
Is 6502 composite?
True
Is 350195 prime?
False
Is 32987 a composite number?
False
Is 3442 a prime number?
False
Is 39397 a prime number?
True
Is 5297 a composite number?
False
Is 1604399 prime?
True
Is 285863 a composite number?
True
Is 367201 a prime number?
True
Is 89261 a composite number?
False
Is 26759 composite?
False
Is 265703 composite?
False
Is 25013 prime?
True
Is 890653 prime?
True
Is 150391 a composite number?
True
Is 48437 a composite number?
False
Is 29803 composite?
False
Is 61505 composite?
True
Is 3299471 composite?
True
Is 32491 composite?
False
Is 4681 prime?
False
Is 220085 a prime number?
False
Is 613361 prime?
False
Is 31202 composite?
True
Is 4111 a composite number?
False
Is 1571 composite?
False
Is 11777 composite?
False
Is 25477 composite?
True
Is 1893 prime?
False
Is 7642 prime?
False
Is 109973 composite?
True
Is 41011 a prime number?
True
Is 1870991 a prime number?
True
Is 306763 a prime number?
True
Is 134297 a composite number?
True
Is 1381 prime?
True
Is 13801 composite?
True
Is 7789 composite?
False
Is 8579 prime?
False
Is 2897 a composite number?
False
Is 108313 a prime number?
False
Is 25147 prime?
True
Is 8147 a prime number?
True
Is 7901 a prime number?
True
Is 15581 a composite number?
False
Is 244003 a prime number?
True
Is 14738 a composite number?
True
Is 104789 composite?
False
Is 10663 composite?
False
Is 10681 a prime number?
False
Is 27179 composite?
False
Is 3067637 a composite number?
False
Is 17257 a composite number?
False
Is 17273 composite?
True
Is 40417 a prime number?
False
Is 1345 a prime number?
False
Is 22559 a prime number?
False
Is 1991 a prime number?
False
Is 5779 composite?
False
Is 375447 a prime number?
False
Is 80309 a prime number?
True
Is 133737 a prime number?
False
Is 1261 a prime number?
False
Is 250361 a composite number?
False
Is 32501 a composite number?
True
Is 62938 prime?
False
Is 121161 a prime number?
False
Is 89491 a prime number?
True
Is 3973 a prime number?
False
Is 296897 a composite number?
True
Is 305971 a prime number?
True
Is 78431 prime?
False
Is 161131 composite?
True
Is 74737 a prime number?
False
Is 1046 a prime number?
False
Is 77929 a composite number?
False
Is 353237 a prime number?
True
Is 253945 a prime number?
False
Is 14983 prime?
True
Is 562931 a prime number?
True
Is 31303 composite?
True
Is 57329 a composite number?
False
Is 84641 a composite number?
True
Is 2827 a composite number?
True
Is 466685 composite?
True
Is 613163 composite?
False
Is 292037 prime?
True
Is 3551 a prime number?
False
Is 251 prime?
True
Is 33547 a composite number?
False
Is 7073 prime?
False
Is 673483 a prime number?
False
Is 301613 composite?
True
Is 2153 a composite number?
False
Is 319861 prime?
False
Is 63883 a composite number?
True
Is 3643 a prime number?
True
Is 510974 a composite number?
True
Is 9091 a prime number?
True
Is 1307153 a composite number?
False
Is 3437 a prime number?
False
Is 6905 composite?
True
Is 23971 a composite number?
False
Is 1052137 composite?
False
Is 17519 composite?
False
Is 19697 a composite number?
False
Is 398887 composite?
False
Is 911687 prime?
False
Is 10973 prime?
True
Is 9337 a prime number?
True
Is 27791 composite?
False
Is 729247 a prime number?
False
Is 1079 prime?
False
Is 6805 composite?
True
Is 75931 composite?
False
Is 9941 a prime number?
True
Is 2721 a prime number?
False
Is 1095529 a prime number?
True
Is 27841 composite?
True
Is 7037 composite?
True
Is 111149 a prime number?
True
Is 96749 a composite number?
False
Is 2800267 prime?
True
Is 861293 composite?
False
Is 52667 prime?
True
Is 4753919 a prime number?
True
Is 2515261 composite?
True
Is 21941 a prime number?
False
Is 220243 a composite number?
False
Is 3684709 composite?
True
Is 7465 a composite number?
True
Is 7453 a composite number?
True
Is 3215 a composite number?
True
Is 158281 a prime number?
False
Is 8717 a prime number?
False
Is 148753 prime?
False
Is 76681 a composite number?
True
Is 11485 composite?
True
Is 12007 prime?
True
Is 24437 composite?
True
Is 378533 a composite number?
False
Is 432223 prime?
False
Is 190253 composite?
True
Is 4338823 a composite number?
False
Is 418903 a prime number?
False
Is 59759 prime?
False
Is 1669 composite?
False
Is 14173 prime?
True
Is 113065 composite?
True
Is 458699 composite?
True
Is 84097 a composite number?
True
Is 10033 a prime number?
False
Is 40343 a composite number?
False
Is 2899 a composite number?
True
Is 8641 a composite number?
False
Is 4882 composite?
True
Is 16547 a prime number?
True
Is 149458 a prime number?
False
Is 29849 a composite number?
True
Is 29363 a composite number?
False
Is 82519 prime?
False
Is 5389 a composite number?
True
Is 16411 a prime number?
True
Is 53422 composite?
True
Is 338497 prime?
True
Is 57127 a prime number?
False
Is 65051 a prime number?
False
Is 635003 prime?
True
Is 13487 composite?
False
Is 5471 a composite number?
False
Is 246002 prime?
False
Is 655 composite?
True
Is 158869 composite?
True
Is 43357 prime?
False
Is 326753 prime?
False
Is 25703 a composite number?
False
Is 7613 prime?
False
Is 46637 a prime number?
False
Is 2939 prime?
True
Is 45191 a composite number?
False
Is 1361 composite?
False
Is 21453 a prime number?
False
Is 20849 a composite number?
False
Is 954067 composite?
False
Is 42289 a composite number?
True
Is 41711 a prime number?
False
Is 736607 a prime number?
True
Is 79049 prime?
False
Is 41077 prime?
True
Is 35807 prime?
False
Is 165367 a composite number?
False
Is 94573 a composite number?
False
Is 291971 a composite number?
False
Is 348179 composite?
True
Is 47023 composite?
True
Is 6661 prime?
True
Is 2413 prime?
False
Is 596509 a composite number?
True
Is 45995 composite?
True
Is 31721 a composite number?
False
Is 6113 prime?
True
Is 893 a prime number?
False
Is 3893 prime?
False
Is 545189 a prime number?
True
Is 2721013 a prime number?
True
Is 678871 composite?
False
Is 187823 composite?
False
Is 10671 a composite number?
True
Is 3854909 prime?
False
Is 185893 composite?
False
Is 7153 a composite number?
True
Is 50671 a composite number?
False
Is 574357 a prime number?
False
Is 151531 a composite number?
False
Is 30011 a composite number?
False
Is 1845217 prime?
False
Is 46733 composite?
True
Is 216527 a prime number?
False
Is 19977 prime?
False
Is 106633 composite?
True
Is 871 a prime number?
False
Is 598343 a compo